z be -7 - ((-50)/5)/5. Give h(z).
9
Let f(c) = -c**2 - 4 - 4*c**3 + 2*c**2 + 3*c**3. Suppose -4*r - 3*t + 4 + 3 = 0, r - 2*t + 12 = 0. Let y = r + 2. Calculate f(y).
-4
Let k(f) be the second derivative of f**5/20 - 7*f**4/12 + 2*f**3/3 + 7*f**2/2 - 3*f. Determine k(6).
-5
Let i(q) = -q**3 - 4*q + 10*q - 4 + 17*q**2 + 1 - 20*q**2. What is i(-5)?
17
Let d(m) = -m**3 + 5*m**2 + 2. Suppose -3*g + 5 + 13 = 3*v, 4 = g - v. Give d(g).
2
Let l(j) = j**2 + 6*j. Suppose 0 = -5*y + 3*t - 18, -5*y + 46 = -10*y - 4*t. Let u = y - 0. What is l(u)?
0
Let z be (-3 + 5)*9/(-6)*1. Let k(t) = 2*t**2 + 3*t - 3. Determine k(z).
6
Let b(x) = 3*x**3 + 2*x. Suppose -2*f - 8 + 0 = 0. Let h(r) = 2*r**3 - r**2 + 2*r + 1. Let w(n) = f*h(n) + 3*b(n). Give w(-4).
4
Suppose 3*y + 2*o = -y + 8, 0 = -2*y - 4*o + 4. Let s(j) = -2 + 0*j**3 + 2 + 2*j**3 - 3*j**3 + j. Calculate s(y).
-6
Let z(k) be the first derivative of -k**3/3 - k**2 + 3. Let u be (-6)/(-4)*24/9. Suppose 0*v + v + u = 0. Give z(v).
-8
Let w(l) be the second derivative of -7/6*l**3 + 1/20*l**5 + 0 + l - 1/3*l**4 + 5/2*l**2. Calculate w(5).
-5
Let l(s) be the third derivative of 7*s**6/120 + s**5/30 - s**3/6 + s**2. Suppose -7 = -3*u + a + 54, 5*a = -20. Let q = u - 18. Determine l(q).
8
Let k(l) = -l**2 + 7*l + 4. Let z(g) = 2*g**2 - 16*g - 8. Let h(q) = 5*k(q) + 2*z(q). Give h(-3).
-14
Let b(d) = -12*d - 1. Let v(z) = -2*z + 2. Let r be v(0). Let q be -1*-1*2/r. Give b(q).
-13
Let y(p) = -2*p**2 - 2*p. Let n be y(-2). Let c be n + (1 - 4)/(-3). Let o(w) = w**3 + 3*w**2 - w. Calculate o(c).
3
Let t(c) = c**3 + 4*c**2 + 4*c + 2. Let a(q) = q**2 + q - 1. Let p be a(0). Let g = p + -2. Calculate t(g).
-1
Let t(c) be the second derivative of 0 - 5*c + 3*c**2 - 2/3*c**3. Let h(a) = 2*a - 4. Let z be h(4). Give t(z).
-10
Let i(v) = v + 1. Let n = -4 - 2. Let r be (-3 + 8)*n/(-10). Let l be -4 + (12/r - 2). Determine i(l).
-1
Let z(j) be the third derivative of 3*j**4/8 + j**3/6 + 18*j**2. Give z(-1).
-8
Let l(k) = -k**2 - 6*k - 2. Let w = 38 + -41. What is l(w)?
7
Let y(d) = 3 - 3 + 2*d. Let x be (-1)/2*(10 - 4). Let n be (-6)/(-4) - x/6. Determine y(n).
4
Suppose -p = -0*p. Let o(t) = -65 + 38 + 29 + t**3 + t. Calculate o(p).
2
Let x(t) be the first derivative of -1/5*t**5 + 0*t**4 + 4*t - 1 - 1/2*t**2 + 0*t**3. Let a(f) be the first derivative of x(f). Calculate a(-1).
3
Let y be 10/(-2)*(2 - 3). Suppose -3*g + 0*g + 11 = -2*m, 0 = y*g + m - 27. Let f(r) = 6 - g + r - 7*r - 2*r. Give f(-1).
9
Let n(u) be the first derivative of -u**4/4 + 5*u**3/3 - u**2/2 - 3*u + 4. Determine n(4).
9
Let a = 17 + -7. Suppose v + o = 8, a = -v + 3*o + 2*o. Suppose -2*p + 8 = -4*p - 4*q, -p + v*q = -10. Let b(x) = -x**3 - x**2 + x - 13. Calculate b(p).
-13
Let s(h) = 10*h + 4*h + 6 + 2 - 13*h. Calculate s(-9).
-1
Let z(a) = 0*a**2 + 1 - 3*a**2 + 4*a**2. Let q be z(-1). Let i(h) = 71*h**2 - 2 - 33*h**2 - 37*h**2. What is i(q)?
2
Let t be 1 + 1 - 1 - -13. Suppose 16 = 2*g - 0*g - 3*a, -2*a = -2*g + t. Let f(k) = 5*k + 10. Let x(i) = -9*i - 19. Let h(m) = 11*f(m) + 6*x(m). Calculate h(g).
1
Let c be (10 - 5) + (-1)/1. Let a(i) = -4 + 4*i**2 + c*i + 0 - 5*i**2 + 1. Determine a(2).
1
Let f(x) = x**3 + 14*x**2 + 13*x + 3. Let o be (0 + 2)*(-247)/38. Calculate f(o).
3
Let v(k) be the second derivative of 3*k**5/40 - k**3/3 + 10*k. Let a(z) be the second derivative of v(z). Calculate a(1).
9
Suppose -4*w = 5*f + 25, 0*f + 4*f + 4*w + 20 = 0. Let p(s) be the second derivative of s**3/6 + 3*s**2/2 - 6*s. What is p(f)?
-2
Suppose -g - 52 = 3*g. Let k be 0 - (-1 - g - 2). Let q be (-46)/k - (-4)/10. Let h(s) = s**2 - 5*s + 6. Determine h(q).
6
Let o(l) = l**3 + 3*l**2 - 2*l. Let j be (-2 + 2)/(-2 + 0). Suppose 4*n = 3*w - 13, -2*n - w - 9 = -j*w. Give o(n).
-8
Let v(m) = -7*m - 9. Let n(r) = -20*r - 26. Let j(t) = 6*n(t) - 17*v(t). Calculate j(-5).
2
Let o be 11/4 + (-1)/(-4). Let b be 1 + 6/o*-2. Let q(u) = -u. Calculate q(b).
3
Let w be ((-6)/3)/(3/((-39)/2)). Let n be -2*2/(8/(-6)). Let v(h) = -h - 11 + n*h + w. Determine v(-2).
-2
Let n(w) = w**3 + 4*w**2 - 2*w - 1. Let h(c) be the third derivative of c**4/24 - c**2. Let v be h(-4). Give n(v).
7
Let u(p) = p**2 - 6*p - 8. Let z(c) = 2*c**2 - 12*c - 16. Let g(d) = 13*u(d) - 6*z(d). What is g(7)?
-1
Suppose 0 = 3*n - 2 - 4. Let b(i) = 2*i**2 - 3*i - 2*i + 0*i**2 - 3*i**2 - n. Let z be -1 - 2/(1 + 1). What is b(z)?
4
Let w(x) = -5*x**3 - 3*x**2 + 3*x + 8. Let s(r) = r**3 - r - 1. Let o(h) = 4*s(h) + w(h). Let y = -3 + 0. Give o(y).
7
Let u(r) = 5*r + 1. Let q be u(-2). Let v(k) = -k**2 - 9*k - 5. What is v(q)?
-5
Let n(o) = -o**3 + 6*o**2 - o + 3. Let t = -6 + 0. Let b(q) = -q**2 - 7*q. Let z be b(t). What is n(z)?
-3
Let s(h) = -h**2 + 6*h - 5. Suppose 3 = v + m, -4*m + 6 = 3*v - 0*m. Determine s(v).
-5
Let u(i) = i**2 - 8*i + 2 + 4 + 1. Determine u(5).
-8
Let v(k) be the first derivative of 5*k**4/4 - k**3 + 5*k**2/2 - 4*k + 1. Let d(z) = z**3 - z**2 + z + 1. Let x(t) = 4*d(t) - v(t). What is x(0)?
8
Suppose -q = -0 - 3. Let a(g) = g + 1. Let b(l) = -4. Let p(c) = -3*a(c) - b(c). Calculate p(q).
-8
Let a be 3 - (-4)/8*-10. Let j(u) = 1 - 1 + 1 - u. What is j(a)?
3
Let t = -3 + 5. Let c(i) = 3*i - t*i + 3 + 3 + i. Calculate c(-5).
-4
Let s(h) be the third derivative of 0*h + 2/3*h**3 - 5/24*h**4 - 8*h**2 + 0. Give s(3).
-11
Suppose -2*i = 3 - 7. Suppose -2*s = -4*m + 16 - 0, -i*m + 12 = -2*s. Let v(w) = -w**3 - 3*w**2 + 3*w + 4. Calculate v(s).
8
Let z(k) = 2*k**2 + 4*k**2 - 4*k**2. Let y = 1 - -1. Suppose 4*m = y*r - 8, m + m + 3*r = 4. Give z(m).
2
Let n(u) = u**3 - 3*u**2 + 3*u - 2. Let s = 2 - -2. Suppose b + s = 4*r, -b + 6 = -3*r + 4*r. Suppose 2*m - i = b, 0 = 3*i - 6*i. Calculate n(m).
0
Let u = 10 - 4. Let j(p) = 4*p**3 + 5*p**2 + 6 - u*p + 0*p**3 - 2 - 3*p**3. Calculate j(-6).
4
Suppose 0 = -6*y + 3*y + 21. Let c(v) = 0*v - 5 - y*v + 3*v. What is c(-4)?
11
Suppose 5*x - 7*x + 6 = 4*t, -2*t = -4*x - 8. Let b(a) be the second derivative of 0 - t*a**2 - 1/6*a**3 + a. Determine b(0).
-4
Let x(u) = u**2 + 2*u + 3. Let w be x(-3). Suppose 3*a + 6 = 0, -w*r + 2*r - a + 6 = 0. Let k(i) = i**3 + i**r - 2*i**2 + 3*i - 2*i. What is k(1)?
1
Let u = -4 + 8. Let s be (u + -1)/(-6)*0. Suppose -3*f - v - 14 = 0, s*f - 4*v = -3*f + 11. Let x(p) = p**3 + 5*p**2 + 3*p - 4. What is x(f)?
5
Suppose -5*f + 0*f = 0. Let d(q) = f*q + 0*q - q + 1 - 3. Give d(-5).
3
Let j(k) be the first derivative of k**2/2 - 5*k - 2. Let h(s) = 4*s - 1. Let c be h(4). Suppose 7*p = 2*p + c. What is j(p)?
-2
Suppose 0 = v - m, -5*v = -3*m + 3 + 5. Suppose 5*d - 4 = c + d, 5*c + 2*d - 24 = 0. Let y(s) = 0*s**2 + s + 2*s**2 + 6*s + c. Determine y(v).
8
Let d(j) be the first derivative of j**2/2 + 6*j - 10. Give d(-7).
-1
Let v(w) = -6*w**3 + w**2 - w - 1. Let n be 2 - (-2 - -2 - 1). Suppose 4*k - 2 - 3 = a, 0 = -n*k + 3*a - 3. Suppose -k*x = x + 3. Calculate v(x).
7
Let v(o) = -10*o + 10. Let r(z) = 3*z - 3. Let j(k) = 14*r(k) + 4*v(k). Give j(2).
2
Let b(j) = -j**2 + 4*j + 7. Let q be 4/((-5)/((-75)/10)). Give b(q).
-5
Suppose -9 - 8 = -5*p + 2*d, 0 = 5*d - 20. Suppose -22 = f - 3*c, -f + p*c - 70 = 4*f. Let a = 7 + f. Let v(x) = x + 3. Determine v(a).
0
Let w(u) = -5*u - 7. Let r(z) = -z - 2. Let s(o) = -9*r(o) + 2*w(o). Let i(p) = p**2 - 5*p - 5. Let h be i(5). Let b be 8 + h - (0 + 0). What is s(b)?
1
Let b(v) = -v**2 - 8*v - 6. Suppose 0 = -2*l + 7 - 1. Suppose 12 = z - l*z. Give b(z).
6
Let d be 4/(-6) - 4/3. Let r(b) = -b**2 - b + 4. Let u(z) = 2*z**2 + 2*z - 5. Let f(p) = -5*r(p) - 4*u(p). Determine f(d).
-6
Let t(p) = -49 + 0*p**2 - 41 + 4*p**2 + 91 - p. What is t(2)?
15
Let k(h) = -h + 4. Suppose 6 - 10 = -f. Suppose -f*c + 14 = -2*c. Determine k(c).
-3
Let k(x) = -5 + 1 - 58*x + 59*x. Calculate k(7).
3
Let a(b) be the second derivative of b**3/6 + 7*b**2/2 + b. Suppose -2*w + 2*g = -g + 1, w - g = 1. Let u = 1 - w. Give a(u).
4
Suppose 3*t - 3*p + 2*p - 5 = 0, -25 = 5*t + 5*p. Let l(w) = -w**2 - 4. Give l(t).
-4
Let f(l) = l**2 - 5*l - 8. Let y(g) = 4*g - 2. Let b be (6/1)/2 - -1. Let s be (1/b)/(1/8). Let h be y(s). Determine f(h).
-2
Let t(m) = 6*m - 2*m**2 - m**3 - 3 + 4*m**2 + m**2 - 2. Suppose -2*w + 4 + 4 = 0. Give t(w).
3
Let u(f) be the third derivative of -f**5/30 - f**4/8 + f**3/2 + 4*f**2. What is u